rs of 317?
317
List the prime factors of 4664.
2, 11, 53
What are the prime factors of 1595?
5, 11, 29
What are the prime factors of 4810?
2, 5, 13, 37
What are the prime factors of 26310?
2, 3, 5, 877
List the prime factors of 60554.
2, 13, 17, 137
What are the prime factors of 2345?
5, 7, 67
List the prime factors of 27860.
2, 5, 7, 199
What are the prime factors of 160773?
3, 53591
List the prime factors of 673.
673
List the prime factors of 2336.
2, 73
List the prime factors of 91775.
5, 3671
What are the prime factors of 2241?
3, 83
List the prime factors of 280.
2, 5, 7
What are the prime factors of 9840?
2, 3, 5, 41
What are the prime factors of 27610?
2, 5, 11, 251
List the prime factors of 11047.
11047
List the prime factors of 58476.
2, 3, 11, 443
What are the prime factors of 6046?
2, 3023
List the prime factors of 34652.
2, 8663
What are the prime factors of 2838?
2, 3, 11, 43
What are the prime factors of 65625?
3, 5, 7
List the prime factors of 615.
3, 5, 41
List the prime factors of 20407.
20407
List the prime factors of 72554.
2, 36277
What are the prime factors of 1805?
5, 19
What are the prime factors of 45941?
7, 6563
What are the prime factors of 8089?
8089
List the prime factors of 13716.
2, 3, 127
List the prime factors of 1354.
2, 677
What are the prime factors of 9801?
3, 11
What are the prime factors of 760?
2, 5, 19
List the prime factors of 1610.
2, 5, 7, 23
List the prime factors of 43819.
29, 1511
What are the prime factors of 1555?
5, 311
What are the prime factors of 34666?
2, 17333
What are the prime factors of 2315?
5, 463
List the prime factors of 259.
7, 37
What are the prime factors of 1352?
2, 13
List the prime factors of 75641.
75641
List the prime factors of 12761.
7, 1823
What are the prime factors of 31711?
19, 1669
List the prime factors of 4129.
4129
What are the prime factors of 195800?
2, 5, 11, 89
What are the prime factors of 61449?
3, 20483
List the prime factors of 30655.
5, 6131
List the prime factors of 809.
809
List the prime factors of 1883.
7, 269
What are the prime factors of 537?
3, 179
List the prime factors of 5769.
3, 641
List the prime factors of 47271.
3, 7, 2251
What are the prime factors of 659?
659
What are the prime factors of 4593?
3, 1531
List the prime factors of 1251.
3, 139
What are the prime factors of 1788?
2, 3, 149
What are the prime factors of 645?
3, 5, 43
List the prime factors of 2262.
2, 3, 13, 29
What are the prime factors of 1140?
2, 3, 5, 19
List the prime factors of 13971.
3, 4657
List the prime factors of 48945.
3, 5, 13, 251
What are the prime factors of 9576?
2, 3, 7, 19
List the prime factors of 919.
919
What are the prime factors of 296?
2, 37
List the prime factors of 26732.
2, 41, 163
List the prime factors of 5571.
3, 619
List the prime factors of 528.
2, 3, 11
What are the prime factors of 978?
2, 3, 163
What are the prime factors of 4607?
17, 271
List the prime factors of 11245.
5, 13, 173
List the prime factors of 14957.
14957
List the prime factors of 1102.
2, 19, 29
List the prime factors of 23450.
2, 5, 7, 67
What are the prime factors of 23499?
3, 7, 373
List the prime factors of 1168.
2, 73
List the prime factors of 20001.
3, 59, 113
List the prime factors of 47739.
3, 15913
List the prime factors of 4267.
17, 251
List the prime factors of 69013.
7, 9859
What are the prime factors of 1612?
2, 13, 31
What are the prime factors of 1222?
2, 13, 47
What are the prime factors of 1739?
37, 47
What are the prime factors of 1523?
1523
What are the prime factors of 56187?
3, 2081
List the prime factors of 5045.
5, 1009
What are the prime factors of 1470?
2, 3, 5, 7
List the prime factors of 13.
13
List the prime factors of 23885.
5, 17, 281
List the prime factors of 143279.
19, 7541
List the prime factors of 64480.
2, 5, 13, 31
List the prime factors of 425.
5, 17
List the prime factors of 66436.
2, 17, 977
What are the prime factors of 880?
2, 5, 11
What are the prime factors of 1614?
2, 3, 269
List the prime factors of 1294.
2, 647
List the prime factors of 6184.
2, 773
List the prime factors of 44108.
2, 11027
What are the prime factors of 4161?
3, 19, 73
What are the prime factors of 37454?
2, 61, 307
What are the prime factors of 13837?
101, 137
List the prime factors of 18283.
47, 389
What are the prime factors of 180798?
2, 3, 30133
What are the prime factors of 1013?
1013
What are the prime factors of 440?
2, 5, 11
What are the prime factors of 23176?
2, 2897
What are the prime factors of 6085?
5, 1217
What are the prime factors of 2950?
2, 5, 59
List the prime factors of 5599.
11, 509
List the prime factors of 1498.
2, 7, 107
What are the prime factors of 2?
2
List the prime factors of 23413.
13, 1801
What are the prime factors of 166?
2, 83
List the prime factors of 7270.
2, 5, 727
List the prime factors of 7838.
2, 3919
List the prime factors of 6767.
67, 101
List the prime factors of 33554.
2, 19, 883
List the prime factors of 293.
293
List the prime factors of 122.
2, 61
What are the prime factors of 2091?
3, 17, 41
List the prime factors of 3648.
2, 3, 19
What are the prime factors of 2805?
3, 5, 11, 17
List the prime factors of 71472.
2, 3, 1489
What are the prime factors of 12913?
37, 349
List the prime factors of 53580.
2, 3, 5, 19, 47
List the prime factors of 4034.
2, 2017
List the prime factors of 1476.
2, 3, 41
What are the prime factors of 29311?
29311
List the prime factors of 81585.
3, 5, 7, 37
What are the prime factors of 63595?
5, 7, 23, 79
List the prime factors of 17088.
2, 3, 89
What are the prime factors of 179964?
2, 3, 4999
List the prime factors of 113319.
3, 1399
List the prime factors of 525.
3, 5, 7
List the prime factors of 5967.
3, 13, 17
List the prime factors of 299.
13, 23
What are the prime factors of 9642?
2, 3, 1607
What are the prime factors of 3652?
2, 11, 83
List the prime factors of 22652.
2, 7, 809
List the prime factors of 378.
2, 3, 7
What are the prime factors of 47777?
47777
List the prime factors of 4297.
4297
List the prime factors of 2754.
2, 3, 17
List the prime factors of 5957.
7, 23, 37
List the prime factors of 647.
647
What are the prime factors of 976?
2, 61
What are the prime factors of 13583?
17, 47
What are the prime factors of 1444?
2, 19
List the prime factors of 2281.
2281
What are the prime factors of 1427?
1427
What are the prime factors of 28184?
2, 13, 271
What are the prime factors of 6155?
5, 1231
List the prime factors of 5380.
2, 5, 269
List the prime factors of 35536.
2, 2221
What are the prime factors of 3803?
3803
List the prime factors of 55063.
17, 41, 79
List the prime factors of 6183.
3, 229
What are the prime factors of 23125?
5, 37
List the prime factors of 1811.
1811
List the prime factors of 19438.
2, 9719
What are the prime factors of 2724?
2, 3, 227
What are the prime factors of 3333?
3, 11, 101
List the prime factors of 1047.
3, 349
What are the prime factors of 63384?
2, 3, 19, 139
What are the prime factors of 404?
2, 101
List the prime factors of 12423.
3, 41, 101
List the prime factors of 21888.
2, 3, 19
List the prime factors of 2776.
2, 347
List the prime factors of 4044.
2, 3, 337
List the prime factors of 759.
3, 11, 23
What are the prime factors of 50883?
3, 7, 2423
What are the prime factors of 52424?
2, 6553
What are the prime factors of 85192?
2, 23, 463
What are the prime factors of 121974?
2, 3, 29, 701
What are the prime factors of 3879?
3, 431
List the prime factors of 3015.
3, 5, 67
What are the prime factors of 812?
2, 7, 29
List the prime factors of 2590.
2, 5, 7, 37
List the prime factors of 53951.
53951
What are the prime factors of 191?
191
List the prime factors of 8331.
3, 2777
List the prime factors of 25479.
3, 19, 149
What are the prime factors of 36469?
36469
What are the prime factors of 539?
7, 11
List the prime factors of 22007.
59, 373
What are the prime factors of 4171?
43, 97
List the prime factors of 126811.
211, 601
What are the prime factors of 1593?
3, 59
What are the prime factors of 75403?
75403
List the prime factors of 686.
2, 7
List the prime factors of 1177.
11, 107
List the prime factors of 7241.
13, 557
What are the prime factors of 16628?
2, 4157
What are the prime factors of 38517?
3, 37, 347
List the prime factor